, -g - w*j + 106 = 0. What is the tens digit of g?
2
Suppose -125 - 100 = 5*c. Let d be 2 + (-10)/c + 3056/18. Suppose g + 344 = 4*i + 4*g, 2*i + 2*g = d. What is the tens digit of i?
8
Suppose -26*v + 12 = -20*v. Suppose 4*j = h - 868, 3496 = 3*h + v*j + 822. What is the units digit of h?
8
What is the thousands digit of (3/21*-1 + -4289)/(12/(-56))?
0
Let c(i) = 3*i**2 - 3*i + 12. Let f = 131 - 63. Suppose 0 = 13*t - f - 36. What is the tens digit of c(t)?
8
Let m = 11515 - 3907. What is the tens digit of m?
0
Suppose 5*c = -139 + 44. Let x(w) = -w - 17. Let q be x(c). What is the units digit of q/(-8) + (-135)/(-12)?
1
Let x = 5412 - 5381. What is the units digit of x?
1
Let y(m) = 6*m - 16. Let t be y(3). Suppose p + 2*c - 6 + t = 0, 4 = -3*p + 2*c. Let a(l) = l**3 + 2*l**2 + l + 26. What is the units digit of a(p)?
6
What is the thousands digit of 4 - (13815/6 + 0)*(-38)/57?
1
Let f(b) be the third derivative of -b**6/120 - b**5/10 - 5*b**4/24 + 16*b**3/3 + 12*b**2. What is the tens digit of f(-10)?
8
Let n = -3681 + 11729. What is the thousands digit of n?
8
Let d = -13575 - -56078. What is the ten thousands digit of d?
4
Let l(y) = -y**3 - 21*y**2 - 13*y - 16. Let k be l(-16). Let i = k - -1589. What is the units digit of i?
1
Suppose 9291 = 23*a - 33765. Suppose 21*u = 17*u + a. What is the tens digit of u?
6
Suppose -5*g - 58 + 225 = 4*s, -2*s + 2*g = -88. Let c = -31 + s. Suppose -4*t - c = -8*t. What is the units digit of t?
3
What is the tens digit of (1 - 0 - 6/3)/((-5)/34085)?
1
Let g be (-90)/6*(-8 + -3). Let o be 1 + -1 - (1 - 169). What is the units digit of (9/15)/(o/g - 1)?
3
Suppose 5 = -l - 2*g, 0 = -4*l + 4*g - 0*g + 28. Suppose 5*x + 47 - 12 = 0. What is the tens digit of (l + x - 0)*-19?
7
Let m be (187/(-44))/(1/28). Let y = -54 - m. Let p = y - -123. What is the units digit of p?
8
Let z be 2/6 - (-51)/9. Let g(v) = -2*v - 27. Let k(f) = 3*f + 28. Let m(j) = 4*g(j) + 5*k(j). What is the units digit of m(z)?
4
Let q be ((-22)/(-8))/(6/24). Suppose 0 = -q*c + 2400 + 4596. What is the tens digit of c?
3
Suppose -3*d = -2*n + 149, n - 3*d = 2*d + 92. Suppose -2*f = -85 - n. What is the tens digit of 102*((-6)/45 + f/120)?
5
Suppose 1315 = h - 5*k - 3836, -k = -h + 5171. What is the hundreds digit of h?
1
Let i(n) = -49*n - 1038. Let t(o) = 50*o + 1035. Let w(b) = 6*i(b) + 7*t(b). What is the hundreds digit of w(0)?
0
Suppose 8*k - 576 = -4*k. Let j = 114 - k. Suppose 0 = -11*c + j + 1166. What is the tens digit of c?
1
Suppose 3*k = 6*k - 1005. Suppose 11*t + 9184 - 6577 = 0. Let s = k + t. What is the tens digit of s?
9
Suppose 10*z = 5*z + 4*k + 2566, 3*z - 4*k = 1546. Let n = -272 + z. What is the tens digit of n?
3
Let n(w) = -27*w + 5. Let b be n(-1). What is the units digit of 8 + -6 + b + -1?
3
Let s(a) = -2*a**2 + 419*a + 225. What is the thousands digit of s(121)?
1
Let a(q) = q**2 + 87*q + 9278. What is the thousands digit of a(0)?
9
Suppose -2*p + 3398 = -d, -2*d + 25*p - 6796 = 26*p. Let n = d - -5108. What is the units digit of n?
0
Suppose 42*c + 6 = 41*c. Let a(n) = 5*n**2 + 9*n + 55. What is the hundreds digit of a(c)?
1
Suppose 2*i = 5*v + 17215, -226*i + 2*v = -229*i + 25889. What is the thousands digit of i?
8
What is the ten thousands digit of ((-480)/24 - -24323) + 12?
2
Let m = 1 + 4. Let p = -67 - -507. Suppose t + p = m*t. What is the hundreds digit of t?
1
Suppose -17 = i - 5. What is the tens digit of (-14457)/i - 11/(-44)?
0
Let p(i) be the third derivative of 11*i**6/60 - 2*i**5/15 + 7*i**4/8 - 22*i**3/3 - 133*i**2. What is the thousands digit of p(4)?
1
Let v be (0 - -4) + (2 - 1). Suppose 0 = -2*z + 10, 5*z = v*o - 287 - 228. What is the tens digit of o?
0
Let v(o) = 22*o - 83. Let w be v(4). Let s(b) = 84*b + 52. What is the tens digit of s(w)?
7
Suppose -5*u + 1165 = 2*j, -8*u + 581 = j - 6*u. Suppose 0 = 5*f - 5*m - 2915, 3*f - m + j = 4*f. What is the tens digit of f?
7
Let p = 11778 - 4404. What is the tens digit of p?
7
Let n(x) = -22*x - 7. Let y be n(-5). Let i = y - 71. Suppose -i - 13 = -5*m. What is the units digit of m?
9
Suppose -m = 5*w - 0*w - 32, -34 = -4*w + 2*m. Let o(x) = 171*x - 64. What is the thousands digit of o(w)?
1
Suppose 25287 = p + 5*t, 9*p = 5*p - 2*t + 101076. What is the tens digit of p?
6
Let w(q) = -13*q + 30. Suppose -17 + 14 = r. What is the units digit of w(r)?
9
What is the tens digit of ((-11556)/120 + 1/(-5))/(9/(-72))?
7
Let o = -144 - -50. Suppose z + 3*r - 108 = 0, r + 12*r = -5*z + 548. Let t = o + z. What is the units digit of t?
6
Suppose 2*g - o = 5*g + 217, -2*o - 8 = 0. Let y = -7 + g. Let j = y - -156. What is the tens digit of j?
7
Let a(p) = -7*p - 21. Let q(r) = -r - 1. Let i(t) = a(t) + 2*q(t). Let y(u) = -28*u - 69. Let j(l) = 7*i(l) - 2*y(l). What is the tens digit of j(-8)?
3
Let l(z) = 8*z + 3. Let x(b) = b**2 - 15*b + 5. Let q be x(15). Let g be l(q). Suppose g*j - 48*j = -270. What is the units digit of j?
4
Suppose 5*f = 3 + 12. Let k = -1375 + 1378. Suppose 3*u + 43 = -f*a + 442, -5*a + 689 = -k*u. What is the hundreds digit of a?
1
Let a = 3330 - -3864. What is the tens digit of a?
9
Suppose -4*c + 0*c + 3*x - 1226 = 0, 3*x - 918 = 3*c. Let g = 36 - c. What is the tens digit of g?
4
Let k(b) = b**3 - 10*b**2 + 8*b + 11. Let p be k(9). Suppose 3*s - 2*f - p*f - 25 = 0, -2*s + 3*f = -18. Suppose 4*z = s*z + 12. What is the units digit of z?
2
Suppose 14*y - 173*y - 41881 + 1318015 = 0. What is the thousands digit of y?
8
Suppose -25*n + 22*n - 12 = 0. Let u be (n + 1 + 10)/1. What is the tens digit of (-4014)/(-42) + (1 - 4/u)?
9
Let i = 43 + -37. Let k(g) = -4*g**2 - 22*g - 8. Let a be k(i). What is the units digit of ((-2)/(-4))/((-2)/a)?
1
Let b = -76 - -134. Let n = 173 - b. Suppose 7*s = -a + 5*s + n, 5*a - 2*s = 515. What is the tens digit of a?
0
Let v(h) = -69 - 13*h - h**2 + 2*h + 0*h**2 + 3*h**2. What is the tens digit of v(21)?
8
Let k = 220 - -1311. What is the thousands digit of k?
1
Let d(k) = -k + 2. Let q(s) = -20*s + 62. Let m(o) = 44*d(o) - 2*q(o). What is the tens digit of m(-17)?
3
Let r = 24972 - -20667. What is the thousands digit of r?
5
Suppose 1412 = 4*z - 1404. Let p = z + -390. What is the hundreds digit of p?
3
Let a be ((-14)/(-7))/(2*-1). Let x be -3 - 1 - (-321 + a). Suppose h = -5*h + x. What is the tens digit of h?
5
Suppose -103*n + 165987 + 1627655 = 0. What is the hundreds digit of n?
4
Let b be -740*(13/(-13))/((-5)/(-76)). Let v be b/171 - 4/(-18). Suppose 4*j - v - 994 = -4*y, 2*j = -4*y + 540. What is the hundreds digit of j?
2
Let f(h) = 2*h**3 + 23*h**2 - 18*h - 5. Let t be f(-12). Let i be 6/3 - (-1 + 18). Let d = i + t. What is the tens digit of d?
5
Let r(u) = 58*u**2 + 2*u. Let l(x) = -2*x**2 + 1. Let j(g) = -2*l(g) + r(g). Let a(w) = w**2 - w - 1. Let s be a(2). What is the tens digit of j(s)?
6
Let h = -25 - -34. Suppose 259 = -h*c + 3958. What is the tens digit of c?
1
Suppose -27591 = -39*v + 38*v + 2*s, 5*v = 2*s + 137907. What is the hundreds digit of v?
5
Let o = 15237 - 14452. What is the tens digit of o?
8
Let k be 1 + 1 - 12927/(-31). Suppose -k = 3*x - 2480. What is the tens digit of x?
8
Suppose 404174 - 109542 + 167498 = 74*g. What is the thousands digit of g?
6
Suppose -9 = 4*s - n, -3*s - 2*n - 4 = -0*n. What is the units digit of s/4 + 95/10?
9
Let a = -84 - -33. Let k be a*(1 + (-11 - -2)/3). Suppose -19 = -h + k. What is the units digit of h?
1
Let w(u) = 32*u + 1894. What is the tens digit of w(92)?
3
Suppose f + 35644 = 2*m, -3*m - 13*f = -36108 - 17271. What is the tens digit of m?
1
Let y(w) = w**2 + w + 24. Let s be y(0). Let j = -1930 + 1933. Suppose u + g = s + 16, -j*g = 0. What is the tens digit of u?
4
Let l(j) = 364*j**2 - j - 2. Let p be l(-2). Let q be (-6)/(-21) - (24/(-14) + -1). Suppose 10*i + q*i = p. What is the hundreds digit of i?
1
Suppose 4*b = i + 4*i + 16, b - 4 = i. Suppose 3*j = m - 16, -j + 8 + i = 3*m. Suppose -n = -3*h + 389, -2*h - 379 = -5*h - m*n. What is the tens digit of h?
2
Let d = -67 - -69. Suppose -1 - 1 = -d*k. What is the tens digit of 427/7 - 3/(-1)*k?
6
Let a(y) be the second derivative of 3*y**5/20 + 9*y**4/4 + 19*y**3/6 + 18*y. Let l(j) be the second derivative of a(j). What is the hundreds digit of l(6)?
1
Suppose -5*s 